{"id":8201,"date":"2023-03-24T22:20:53","date_gmt":"2023-03-24T21:20:53","guid":{"rendered":"https:\/\/www.radio-geretsried.de\/?post_type=podcast&#038;p=8201"},"modified":"2023-03-30T22:04:50","modified_gmt":"2023-03-30T20:04:50","slug":"interview-mit-kinderbuchautor-andreas-simon","status":"publish","type":"podcast","link":"https:\/\/www.radio-geretsried.de\/index.php\/podcast\/interview-mit-kinderbuchautor-andreas-simon\/","title":{"rendered":"Interview mit Kinderbuchautor Andreas Simon"},"content":{"rendered":"<p>Radio Geretsried &#8211; Dave G\u00fcnther hatte am 24.03.2023 den Kinderbuchautor Andreas Simon in seiner Sendung zu Gast. Das ganze Gespr\u00e4ch kannst Du hier nachh\u00f6ren<\/p>\n","protected":false},"author":2,"featured_media":8202,"template":"","tags":[],"podcastfilter":[209],"class_list":["post-8201","podcast","type-podcast","status-publish","has-post-thumbnail","hentry","podcastfilter-radio-geretsried-nachgehoert"],"yoast_head":"<!-- This site is optimized with the Yoast SEO plugin v27.4 - https:\/\/yoast.com\/product\/yoast-seo-wordpress\/ -->\n<title>Interview mit Kinderbuchautor Andreas Simon - RADIO GERETSRIED<\/title>\n<meta name=\"description\" content=\"Radio Geretsried - Dave G\u00fcnther hatte am 24.03.2023 den Kinderbuchautor Andreas Simon in seiner Sendung zu Gast. Das ganze Gespr\u00e4ch kannst Du hier nachh\u00f6ren\" \/>\n<meta name=\"robots\" content=\"index, follow, max-snippet:-1, max-image-preview:large, max-video-preview:-1\" \/>\n<link rel=\"canonical\" href=\"https:\/\/www.radio-geretsried.de\/index.php\/podcast\/interview-mit-kinderbuchautor-andreas-simon\/\" \/>\n<meta property=\"og:locale\" content=\"de_DE\" \/>\n<meta property=\"og:type\" content=\"article\" \/>\n<meta property=\"og:title\" content=\"Interview mit Kinderbuchautor Andreas Simon - RADIO GERETSRIED\" \/>\n<meta property=\"og:description\" content=\"Radio Geretsried - Dave G\u00fcnther hatte am 24.03.2023 den Kinderbuchautor Andreas Simon in seiner Sendung zu Gast. Das ganze Gespr\u00e4ch kannst Du hier nachh\u00f6ren\" \/>\n<meta property=\"og:url\" content=\"https:\/\/www.radio-geretsried.de\/index.php\/podcast\/interview-mit-kinderbuchautor-andreas-simon\/\" \/>\n<meta property=\"og:site_name\" content=\"RADIO GERETSRIED\" \/>\n<meta property=\"article:publisher\" content=\"https:\/\/www.facebook.com\/stadtsender\" \/>\n<meta property=\"article:modified_time\" content=\"2023-03-30T20:04:50+00:00\" \/>\n<meta property=\"og:image\" content=\"https:\/\/www.radio-geretsried.de\/wp-content\/uploads\/2023\/03\/336890880_550333003870614_8564063586818704811_n.jpg\" \/>\n\t<meta property=\"og:image:width\" content=\"1170\" \/>\n\t<meta property=\"og:image:height\" content=\"1246\" \/>\n\t<meta property=\"og:image:type\" content=\"image\/jpeg\" \/>\n<meta name=\"twitter:card\" content=\"summary_large_image\" \/>\n<meta name=\"twitter:label1\" content=\"Gesch\u00e4tzte Lesezeit\" \/>\n\t<meta name=\"twitter:data1\" content=\"1\u00a0Minute\" \/>\n<script type=\"application\/ld+json\" class=\"yoast-schema-graph\">{\"@context\":\"https:\\\/\\\/schema.org\",\"@graph\":[{\"@type\":\"WebPage\",\"@id\":\"https:\\\/\\\/www.radio-geretsried.de\\\/index.php\\\/podcast\\\/interview-mit-kinderbuchautor-andreas-simon\\\/\",\"url\":\"https:\\\/\\\/www.radio-geretsried.de\\\/index.php\\\/podcast\\\/interview-mit-kinderbuchautor-andreas-simon\\\/\",\"name\":\"Interview mit Kinderbuchautor Andreas Simon - RADIO GERETSRIED\",\"isPartOf\":{\"@id\":\"https:\\\/\\\/www.radio-geretsried.de\\\/#website\"},\"primaryImageOfPage\":{\"@id\":\"https:\\\/\\\/www.radio-geretsried.de\\\/index.php\\\/podcast\\\/interview-mit-kinderbuchautor-andreas-simon\\\/#primaryimage\"},\"image\":{\"@id\":\"https:\\\/\\\/www.radio-geretsried.de\\\/index.php\\\/podcast\\\/interview-mit-kinderbuchautor-andreas-simon\\\/#primaryimage\"},\"thumbnailUrl\":\"https:\\\/\\\/www.radio-geretsried.de\\\/wp-content\\\/uploads\\\/2023\\\/03\\\/336890880_550333003870614_8564063586818704811_n.jpg\",\"datePublished\":\"2023-03-24T21:20:53+00:00\",\"dateModified\":\"2023-03-30T20:04:50+00:00\",\"description\":\"Radio Geretsried - Dave G\u00fcnther hatte am 24.03.2023 den Kinderbuchautor Andreas Simon in seiner Sendung zu Gast. Das ganze Gespr\u00e4ch kannst Du hier nachh\u00f6ren\",\"breadcrumb\":{\"@id\":\"https:\\\/\\\/www.radio-geretsried.de\\\/index.php\\\/podcast\\\/interview-mit-kinderbuchautor-andreas-simon\\\/#breadcrumb\"},\"inLanguage\":\"de\",\"potentialAction\":[{\"@type\":\"ReadAction\",\"target\":[\"https:\\\/\\\/www.radio-geretsried.de\\\/index.php\\\/podcast\\\/interview-mit-kinderbuchautor-andreas-simon\\\/\"]}]},{\"@type\":\"ImageObject\",\"inLanguage\":\"de\",\"@id\":\"https:\\\/\\\/www.radio-geretsried.de\\\/index.php\\\/podcast\\\/interview-mit-kinderbuchautor-andreas-simon\\\/#primaryimage\",\"url\":\"https:\\\/\\\/www.radio-geretsried.de\\\/wp-content\\\/uploads\\\/2023\\\/03\\\/336890880_550333003870614_8564063586818704811_n.jpg\",\"contentUrl\":\"https:\\\/\\\/www.radio-geretsried.de\\\/wp-content\\\/uploads\\\/2023\\\/03\\\/336890880_550333003870614_8564063586818704811_n.jpg\",\"width\":1170,\"height\":1246},{\"@type\":\"BreadcrumbList\",\"@id\":\"https:\\\/\\\/www.radio-geretsried.de\\\/index.php\\\/podcast\\\/interview-mit-kinderbuchautor-andreas-simon\\\/#breadcrumb\",\"itemListElement\":[{\"@type\":\"ListItem\",\"position\":1,\"name\":\"Startseite\",\"item\":\"https:\\\/\\\/www.radio-geretsried.de\\\/\"},{\"@type\":\"ListItem\",\"position\":2,\"name\":\"Podcast\",\"item\":\"https:\\\/\\\/www.radio-geretsried.de\\\/index.php\\\/podcast\\\/\"},{\"@type\":\"ListItem\",\"position\":3,\"name\":\"Interview mit Kinderbuchautor Andreas Simon\"}]},{\"@type\":\"WebSite\",\"@id\":\"https:\\\/\\\/www.radio-geretsried.de\\\/#website\",\"url\":\"https:\\\/\\\/www.radio-geretsried.de\\\/\",\"name\":\"RADIO GERETSRIED\",\"description\":\"So klingt die Stadt\",\"publisher\":{\"@id\":\"https:\\\/\\\/www.radio-geretsried.de\\\/#organization\"},\"potentialAction\":[{\"@type\":\"SearchAction\",\"target\":{\"@type\":\"EntryPoint\",\"urlTemplate\":\"https:\\\/\\\/www.radio-geretsried.de\\\/?s={search_term_string}\"},\"query-input\":{\"@type\":\"PropertyValueSpecification\",\"valueRequired\":true,\"valueName\":\"search_term_string\"}}],\"inLanguage\":\"de\"},{\"@type\":\"Organization\",\"@id\":\"https:\\\/\\\/www.radio-geretsried.de\\\/#organization\",\"name\":\"RADIO GERETSRIED\",\"url\":\"https:\\\/\\\/www.radio-geretsried.de\\\/\",\"logo\":{\"@type\":\"ImageObject\",\"inLanguage\":\"de\",\"@id\":\"https:\\\/\\\/www.radio-geretsried.de\\\/#\\\/schema\\\/logo\\\/image\\\/\",\"url\":\"https:\\\/\\\/www.radio-geretsried.de\\\/wp-content\\\/uploads\\\/2022\\\/07\\\/Radio-Geretsried-Logo-Farbig-e1656961244490.png\",\"contentUrl\":\"https:\\\/\\\/www.radio-geretsried.de\\\/wp-content\\\/uploads\\\/2022\\\/07\\\/Radio-Geretsried-Logo-Farbig-e1656961244490.png\",\"width\":4000,\"height\":1780,\"caption\":\"RADIO GERETSRIED\"},\"image\":{\"@id\":\"https:\\\/\\\/www.radio-geretsried.de\\\/#\\\/schema\\\/logo\\\/image\\\/\"},\"sameAs\":[\"https:\\\/\\\/www.facebook.com\\\/stadtsender\",\"https:\\\/\\\/www.instagram.com\\\/radiogeretsried\\\/\"]}]}<\/script>\n<!-- \/ Yoast SEO plugin. -->","yoast_head_json":{"title":"Interview mit Kinderbuchautor Andreas Simon - RADIO GERETSRIED","description":"Radio Geretsried - Dave G\u00fcnther hatte am 24.03.2023 den Kinderbuchautor Andreas Simon in seiner Sendung zu Gast. Das ganze Gespr\u00e4ch kannst Du hier nachh\u00f6ren","robots":{"index":"index","follow":"follow","max-snippet":"max-snippet:-1","max-image-preview":"max-image-preview:large","max-video-preview":"max-video-preview:-1"},"canonical":"https:\/\/www.radio-geretsried.de\/index.php\/podcast\/interview-mit-kinderbuchautor-andreas-simon\/","og_locale":"de_DE","og_type":"article","og_title":"Interview mit Kinderbuchautor Andreas Simon - RADIO GERETSRIED","og_description":"Radio Geretsried - Dave G\u00fcnther hatte am 24.03.2023 den Kinderbuchautor Andreas Simon in seiner Sendung zu Gast. Das ganze Gespr\u00e4ch kannst Du hier nachh\u00f6ren","og_url":"https:\/\/www.radio-geretsried.de\/index.php\/podcast\/interview-mit-kinderbuchautor-andreas-simon\/","og_site_name":"RADIO GERETSRIED","article_publisher":"https:\/\/www.facebook.com\/stadtsender","article_modified_time":"2023-03-30T20:04:50+00:00","og_image":[{"width":1170,"height":1246,"url":"https:\/\/www.radio-geretsried.de\/wp-content\/uploads\/2023\/03\/336890880_550333003870614_8564063586818704811_n.jpg","type":"image\/jpeg"}],"twitter_card":"summary_large_image","twitter_misc":{"Gesch\u00e4tzte Lesezeit":"1\u00a0Minute"},"schema":{"@context":"https:\/\/schema.org","@graph":[{"@type":"WebPage","@id":"https:\/\/www.radio-geretsried.de\/index.php\/podcast\/interview-mit-kinderbuchautor-andreas-simon\/","url":"https:\/\/www.radio-geretsried.de\/index.php\/podcast\/interview-mit-kinderbuchautor-andreas-simon\/","name":"Interview mit Kinderbuchautor Andreas Simon - RADIO GERETSRIED","isPartOf":{"@id":"https:\/\/www.radio-geretsried.de\/#website"},"primaryImageOfPage":{"@id":"https:\/\/www.radio-geretsried.de\/index.php\/podcast\/interview-mit-kinderbuchautor-andreas-simon\/#primaryimage"},"image":{"@id":"https:\/\/www.radio-geretsried.de\/index.php\/podcast\/interview-mit-kinderbuchautor-andreas-simon\/#primaryimage"},"thumbnailUrl":"https:\/\/www.radio-geretsried.de\/wp-content\/uploads\/2023\/03\/336890880_550333003870614_8564063586818704811_n.jpg","datePublished":"2023-03-24T21:20:53+00:00","dateModified":"2023-03-30T20:04:50+00:00","description":"Radio Geretsried - Dave G\u00fcnther hatte am 24.03.2023 den Kinderbuchautor Andreas Simon in seiner Sendung zu Gast. Das ganze Gespr\u00e4ch kannst Du hier nachh\u00f6ren","breadcrumb":{"@id":"https:\/\/www.radio-geretsried.de\/index.php\/podcast\/interview-mit-kinderbuchautor-andreas-simon\/#breadcrumb"},"inLanguage":"de","potentialAction":[{"@type":"ReadAction","target":["https:\/\/www.radio-geretsried.de\/index.php\/podcast\/interview-mit-kinderbuchautor-andreas-simon\/"]}]},{"@type":"ImageObject","inLanguage":"de","@id":"https:\/\/www.radio-geretsried.de\/index.php\/podcast\/interview-mit-kinderbuchautor-andreas-simon\/#primaryimage","url":"https:\/\/www.radio-geretsried.de\/wp-content\/uploads\/2023\/03\/336890880_550333003870614_8564063586818704811_n.jpg","contentUrl":"https:\/\/www.radio-geretsried.de\/wp-content\/uploads\/2023\/03\/336890880_550333003870614_8564063586818704811_n.jpg","width":1170,"height":1246},{"@type":"BreadcrumbList","@id":"https:\/\/www.radio-geretsried.de\/index.php\/podcast\/interview-mit-kinderbuchautor-andreas-simon\/#breadcrumb","itemListElement":[{"@type":"ListItem","position":1,"name":"Startseite","item":"https:\/\/www.radio-geretsried.de\/"},{"@type":"ListItem","position":2,"name":"Podcast","item":"https:\/\/www.radio-geretsried.de\/index.php\/podcast\/"},{"@type":"ListItem","position":3,"name":"Interview mit Kinderbuchautor Andreas Simon"}]},{"@type":"WebSite","@id":"https:\/\/www.radio-geretsried.de\/#website","url":"https:\/\/www.radio-geretsried.de\/","name":"RADIO GERETSRIED","description":"So klingt die Stadt","publisher":{"@id":"https:\/\/www.radio-geretsried.de\/#organization"},"potentialAction":[{"@type":"SearchAction","target":{"@type":"EntryPoint","urlTemplate":"https:\/\/www.radio-geretsried.de\/?s={search_term_string}"},"query-input":{"@type":"PropertyValueSpecification","valueRequired":true,"valueName":"search_term_string"}}],"inLanguage":"de"},{"@type":"Organization","@id":"https:\/\/www.radio-geretsried.de\/#organization","name":"RADIO GERETSRIED","url":"https:\/\/www.radio-geretsried.de\/","logo":{"@type":"ImageObject","inLanguage":"de","@id":"https:\/\/www.radio-geretsried.de\/#\/schema\/logo\/image\/","url":"https:\/\/www.radio-geretsried.de\/wp-content\/uploads\/2022\/07\/Radio-Geretsried-Logo-Farbig-e1656961244490.png","contentUrl":"https:\/\/www.radio-geretsried.de\/wp-content\/uploads\/2022\/07\/Radio-Geretsried-Logo-Farbig-e1656961244490.png","width":4000,"height":1780,"caption":"RADIO GERETSRIED"},"image":{"@id":"https:\/\/www.radio-geretsried.de\/#\/schema\/logo\/image\/"},"sameAs":["https:\/\/www.facebook.com\/stadtsender","https:\/\/www.instagram.com\/radiogeretsried\/"]}]}},"_links":{"self":[{"href":"https:\/\/www.radio-geretsried.de\/index.php\/wp-json\/wp\/v2\/podcast\/8201","targetHints":{"allow":["GET"]}}],"collection":[{"href":"https:\/\/www.radio-geretsried.de\/index.php\/wp-json\/wp\/v2\/podcast"}],"about":[{"href":"https:\/\/www.radio-geretsried.de\/index.php\/wp-json\/wp\/v2\/types\/podcast"}],"author":[{"embeddable":true,"href":"https:\/\/www.radio-geretsried.de\/index.php\/wp-json\/wp\/v2\/users\/2"}],"wp:featuredmedia":[{"embeddable":true,"href":"https:\/\/www.radio-geretsried.de\/index.php\/wp-json\/wp\/v2\/media\/8202"}],"wp:attachment":[{"href":"https:\/\/www.radio-geretsried.de\/index.php\/wp-json\/wp\/v2\/media?parent=8201"}],"wp:term":[{"taxonomy":"post_tag","embeddable":true,"href":"https:\/\/www.radio-geretsried.de\/index.php\/wp-json\/wp\/v2\/tags?post=8201"},{"taxonomy":"podcastfilter","embeddable":true,"href":"https:\/\/www.radio-geretsried.de\/index.php\/wp-json\/wp\/v2\/podcastfilter?post=8201"}],"curies":[{"name":"wp","href":"https:\/\/api.w.org\/{rel}","templated":true}]}}

<p>Radio Geretsried &#8211; Dave Günther hatte am 24.03.2023 den Kinderbuchautor Andreas Simon in seiner Sendung zu Gast. Das ganze Gespräch kannst Du hier nachhören</p>

<!-- This site is optimized with the Yoast SEO plugin v27.4 - https://yoast.com/product/yoast-seo-wordpress/ -->
<title>Interview mit Kinderbuchautor Andreas Simon - RADIO GERETSRIED</title>
<meta name="description" content="Radio Geretsried - Dave Günther hatte am 24.03.2023 den Kinderbuchautor Andreas Simon in seiner Sendung zu Gast. Das ganze Gespräch kannst Du hier nachhören" />
<meta name="robots" content="index, follow, max-snippet:-1, max-image-preview:large, max-video-preview:-1" />
<link rel="canonical" href="https://www.radio-geretsried.de/index.php/podcast/interview-mit-kinderbuchautor-andreas-simon/" />
<meta property="og:locale" content="de_DE" />
<meta property="og:type" content="article" />
<meta property="og:title" content="Interview mit Kinderbuchautor Andreas Simon - RADIO GERETSRIED" />
<meta property="og:description" content="Radio Geretsried - Dave Günther hatte am 24.03.2023 den Kinderbuchautor Andreas Simon in seiner Sendung zu Gast. Das ganze Gespräch kannst Du hier nachhören" />
<meta property="og:url" content="https://www.radio-geretsried.de/index.php/podcast/interview-mit-kinderbuchautor-andreas-simon/" />
<meta property="og:site_name" content="RADIO GERETSRIED" />
<meta property="article:publisher" content="https://www.facebook.com/stadtsender" />
<meta property="article:modified_time" content="2023-03-30T20:04:50+00:00" />
<meta property="og:image" content="https://www.radio-geretsried.de/wp-content/uploads/2023/03/336890880_550333003870614_8564063586818704811_n.jpg" />
	<meta property="og:image:width" content="1170" />
	<meta property="og:image:height" content="1246" />
	<meta property="og:image:type" content="image/jpeg" />
<meta name="twitter:card" content="summary_large_image" />
<meta name="twitter:label1" content="Geschätzte Lesezeit" />
	<meta name="twitter:data1" content="1 Minute" />
<script type="application/ld+json" class="yoast-schema-graph">{"@context":"https:\/\/schema.org","@graph":[{"@type":"WebPage","@id":"https:\/\/www.radio-geretsried.de\/index.php\/podcast\/interview-mit-kinderbuchautor-andreas-simon\/","url":"https:\/\/www.radio-geretsried.de\/index.php\/podcast\/interview-mit-kinderbuchautor-andreas-simon\/","name":"Interview mit Kinderbuchautor Andreas Simon - RADIO GERETSRIED","isPartOf":{"@id":"https:\/\/www.radio-geretsried.de\/#website"},"primaryImageOfPage":{"@id":"https:\/\/www.radio-geretsried.de\/index.php\/podcast\/interview-mit-kinderbuchautor-andreas-simon\/#primaryimage"},"image":{"@id":"https:\/\/www.radio-geretsried.de\/index.php\/podcast\/interview-mit-kinderbuchautor-andreas-simon\/#primaryimage"},"thumbnailUrl":"https:\/\/www.radio-geretsried.de\/wp-content\/uploads\/2023\/03\/336890880_550333003870614_8564063586818704811_n.jpg","datePublished":"2023-03-24T21:20:53+00:00","dateModified":"2023-03-30T20:04:50+00:00","description":"Radio Geretsried - Dave Günther hatte am 24.03.2023 den Kinderbuchautor Andreas Simon in seiner Sendung zu Gast. Das ganze Gespräch kannst Du hier nachhören","breadcrumb":{"@id":"https:\/\/www.radio-geretsried.de\/index.php\/podcast\/interview-mit-kinderbuchautor-andreas-simon\/#breadcrumb"},"inLanguage":"de","potentialAction":[{"@type":"ReadAction","target":["https:\/\/www.radio-geretsried.de\/index.php\/podcast\/interview-mit-kinderbuchautor-andreas-simon\/"]}]},{"@type":"ImageObject","inLanguage":"de","@id":"https:\/\/www.radio-geretsried.de\/index.php\/podcast\/interview-mit-kinderbuchautor-andreas-simon\/#primaryimage","url":"https:\/\/www.radio-geretsried.de\/wp-content\/uploads\/2023\/03\/336890880_550333003870614_8564063586818704811_n.jpg","contentUrl":"https:\/\/www.radio-geretsried.de\/wp-content\/uploads\/2023\/03\/336890880_550333003870614_8564063586818704811_n.jpg","width":1170,"height":1246},{"@type":"BreadcrumbList","@id":"https:\/\/www.radio-geretsried.de\/index.php\/podcast\/interview-mit-kinderbuchautor-andreas-simon\/#breadcrumb","itemListElement":[{"@type":"ListItem","position":1,"name":"Startseite","item":"https:\/\/www.radio-geretsried.de\/"},{"@type":"ListItem","position":2,"name":"Podcast","item":"https:\/\/www.radio-geretsried.de\/index.php\/podcast\/"},{"@type":"ListItem","position":3,"name":"Interview mit Kinderbuchautor Andreas Simon"}]},{"@type":"WebSite","@id":"https:\/\/www.radio-geretsried.de\/#website","url":"https:\/\/www.radio-geretsried.de\/","name":"RADIO GERETSRIED","description":"So klingt die Stadt","publisher":{"@id":"https:\/\/www.radio-geretsried.de\/#organization"},"potentialAction":[{"@type":"SearchAction","target":{"@type":"EntryPoint","urlTemplate":"https:\/\/www.radio-geretsried.de\/?s={search_term_string}"},"query-input":{"@type":"PropertyValueSpecification","valueRequired":true,"valueName":"search_term_string"}}],"inLanguage":"de"},{"@type":"Organization","@id":"https:\/\/www.radio-geretsried.de\/#organization","name":"RADIO GERETSRIED","url":"https:\/\/www.radio-geretsried.de\/","logo":{"@type":"ImageObject","inLanguage":"de","@id":"https:\/\/www.radio-geretsried.de\/#\/schema\/logo\/image\/","url":"https:\/\/www.radio-geretsried.de\/wp-content\/uploads\/2022\/07\/Radio-Geretsried-Logo-Farbig-e1656961244490.png","contentUrl":"https:\/\/www.radio-geretsried.de\/wp-content\/uploads\/2022\/07\/Radio-Geretsried-Logo-Farbig-e1656961244490.png","width":4000,"height":1780,"caption":"RADIO GERETSRIED"},"image":{"@id":"https:\/\/www.radio-geretsried.de\/#\/schema\/logo\/image\/"},"sameAs":["https:\/\/www.facebook.com\/stadtsender","https:\/\/www.instagram.com\/radiogeretsried\/"]}]}</script>
<!-- / Yoast SEO plugin. -->

Radio Geretsried - Dave Günther hatte am 24.03.2023 den Kinderbuchautor Andreas Simon in seiner Sendung zu Gast. Das ganze Gespräch kannst Du hier nachhören
